- 24, -39 = -3*w + 4*y. Calculate the greatest common factor of n and w.
9
Let v = -1 + 35. Calculate the highest common divisor of 102 and v.
34
Suppose 1180 = u + 4*z + 262, -z = -3*u + 2689. Suppose -6 = -3*b, 7*h = 3*h + 5*b - u. Let j = h - -326. Calculate the highest common divisor of 13 and j.
13
Suppose 4*b + 113 = -5*m, 2*b + 5*m = -46 - 23. Let i = -11 - b. Calculate the highest common divisor of 55 and i.
11
Let n = -2 + 0. Suppose -4*a - 16 = 4*f - 84, 2*f + 4*a = 30. Let x be (f*n)/(5 + -7). What is the highest common divisor of x and 209?
19
Let r be (-6526)/(-117) + (-4)/(-18). What is the highest common divisor of 8 and r?
8
Suppose 5*h = a - 74, 4*a - 119 - 131 = -3*h. What is the greatest common divisor of a and 32?
32
Let x(m) = 2*m**2 - 10*m - 15. Let i be x(11). Suppose v = 1 + 3. Suppose v*b + 67 = 3*p + 16, 5*b = -5*p + 50. Calculate the highest common divisor of i and p.
13
Let s = 5 + 7. Let b be 1*10 - (3 - 1). What is the highest common divisor of s and b?
4
Suppose 0 = 4*d - 5*v - 6, 0*v - 3*v = 5*d + 11. Let f = d - -4. What is the greatest common factor of f and 21?
3
Let c(t) = -t**3 + 3*t**2 + 8*t. Let g be c(4). Calculate the highest common divisor of 2 and g.
2
Suppose 4*k + 3*r = 12 + 552, -4*r - 736 = -5*k. What is the greatest common factor of k and 18?
18
Let n(i) = -i**3 + 2. Let o be n(0). Calculate the greatest common factor of 3 and o.
1
Let i = -167 - -174. Calculate the highest common divisor of 56 and i.
7
Let f be (-8)/(-3)*(1 - -5). What is the highest common divisor of f and 112?
16
Let v = -96 + 162. Let a be 3/(-2)*v/(-9). What is the greatest common divisor of 77 and a?
11
Suppose 3*z = d - 10, 2*z = -2*d - 2*z - 10. What is the greatest common divisor of 8 and d?
1
Suppose 25 = 8*c - 7. What is the greatest common divisor of 4 and c?
4
Let q = -13 + 21. What is the highest common factor of q and 32?
8
Let z(s) = -s**2 + 9*s + 10. Let g be z(10). Suppose g*j - 21 = -j. Let n = 2 + 1. Calculate the greatest common divisor of n and j.
3
Suppose -2*b + f = -34, 3*b - 2*f - 50 = -0*b. Suppose 5*w - b = 2*n - 3*n, 0 = -4*w - 8. Let h = 7 - 0. What is the greatest common divisor of n and h?
7
Let d = 15 + 29. Calculate the highest common factor of d and 11.
11
Let a = 38 + 62. Calculate the highest common factor of 40 and a.
20
Let j = 34 - -2. Let v(w) = 18*w. Let o = 2 + -1. Let x be v(o). What is the greatest common divisor of j and x?
18
Suppose 0 = -4*l - 20, 4*i = l + 134 + 3. Suppose r - 6 = -r. Calculate the greatest common factor of i and r.
3
Let l = -6 + 6. Suppose l = -3*f - 2*f + 55. What is the highest common divisor of f and 121?
11
Let y be 109/(1/1*-1). Let a = y - -197. Suppose h + 8 = 2*h. Calculate the greatest common divisor of h and a.
8
Let a(w) = w**3 + 4*w**2 + w - 5. Let g be a(-4). Let m = g + 36. Suppose d + 45 = -3*p + 8*p, 3*d = 0. Calculate the highest common factor of p and m.
9
Let t = -18 + 24. Suppose t*f = 17 + 223. Let v be 3/12 + (-39)/(-4). Calculate the greatest common divisor of v and f.
10
Let j = 25 + -10. What is the greatest common factor of 15 and j?
15
Suppose 0 = -0*t + 3*t - 2*c - 200, -3*t - 2*c + 208 = 0. Suppose -5*n = -17 - t. What is the highest common factor of n and 187?
17
Suppose 5*l - 13 = 2. Let n = 1392 - 992. Suppose -70 = l*v - n. What is the greatest common divisor of 10 and v?
10
Let d be 4/14 - (-14)/(-49). Suppose -5*m + 4*j + 10 = 0, d = -m - 0*m - 4*j + 26. Calculate the greatest common divisor of m and 12.
6
Let h(z) = -z**2 + 8. Let y be h(0). Suppose a + 17*a - 720 = 0. What is the greatest common divisor of a and y?
8
Suppose 3*q = -2*q + 20. Let a = q - 2. Let c be (78/4 - -3)*a. What is the highest common factor of c and 30?
15
Let n = 26 - 44. Let g = n - -36. Calculate the highest common factor of g and 9.
9
Let c(s) = -6*s - 130. Let m be c(-31). What is the highest common divisor of 56 and m?
56
Let q(b) = b**2 - 2*b + 1. Let z be q(4). Let n be (-4)/(3 - 1) - -2. Suppose -2*w = -n*w - 108. What is the greatest common divisor of w and z?
9
Let c(d) = -d**3 - 3*d**2 - d - 3. Let i be c(-4). Let y be 2 - (-84)/(1 - 4). Let o = y - -162. Calculate the highest common factor of i and o.
17
Let t(s) = -s**3 + 28. Let b be t(0). Let p(f) = -22*f + 2. Let g be p(2). Let z be (g/15)/((-2)/5). Calculate the greatest common factor of b and z.
7
Suppose 2*h + 83 = 3*i, 160 = 4*h - 8*h + 4*i. Let q = h - -53. What is the highest common divisor of 80 and q?
16
Let v be 26/6 - (-4)/6. Suppose -v*p = -3*p - 28. Let j = -5 + p. Calculate the greatest common factor of j and 9.
9
Let x be 66/4 + (-72)/(-48). Let t = -25 + 14. Let v = 17 + t. Calculate the highest common divisor of v and x.
6
Let t = 152 - 136. Calculate the greatest common factor of t and 4.
4
Suppose -5*v + 10*v = 0. Let h be 27 + -8 - (-3 - v). What is the greatest common divisor of 88 and h?
22
Suppose h - 2*g = -0*g + 12, 0 = -3*h - 2*g + 60. Calculate the greatest common divisor of 6 and h.
6
Let a = 28 + -21. Let x be 100/4 - 1*-2. Let i be (x/(-12))/((-3)/56). Calculate the highest common factor of i and a.
7
Let n(o) = -6*o + 1. Let k be n(-3). Let i = 72 - 34. What is the highest common factor of k and i?
19
Suppose 5*c = 4*c + 39. Suppose 9 + 3 = 4*u. Let v be 76/6 + 1/u. What is the highest common divisor of v and c?
13
Suppose 4*x - 15 = -4*r + r, -4*r - 3*x = -13. What is the greatest common factor of r and 8?
1
Let f be (-78)/4*(-9 - -4 - -1). Calculate the greatest common divisor of f and 6.
6
Let r(m) = -m**3 + 5*m**2 + 6*m + 8. Let q be r(6). Suppose 2*d - 12 = 20. Let p be d/((-3)/4 - -1). What is the greatest common divisor of q and p?
8
Suppose 3*s + 3036 = 4*z, 3*s = 3*z - 2730 + 453. Calculate the highest common factor of z and 69.
69
Let w be (-2)/9 + (-77)/(-63). Let i = 1 + w. Suppose i*t - 24 = 2*j, j + 2 = 5. Calculate the highest common divisor of t and 120.
15
Let d be (0 - -7)/(1/8). Let a(p) = -p + 1. Let l be a(-6). What is the highest common factor of d and l?
7
Let c be ((-15)/12)/((-2)/8). Suppose -2*v - 4*r = -126, -2*v + 5*v = -2*r + 173. Calculate the highest common divisor of v and c.
5
Let f(b) = 3*b**3 - 5*b**2 + b + 1. Let n be f(2). What is the greatest common factor of n and 21?
7
Suppose 0 = 2*r - 2 - 14. Calculate the highest common divisor of 20 and r.
4
Let a(s) be the first derivative of 5*s**2 - 10*s - 8. Let p be 0 - 3/(3/(-7)). Let l be a(p). Calculate the highest common divisor of 24 and l.
12
Suppose -9 = -t + 5. Suppose -4*z + 155 = 15. Calculate the highest common divisor of t and z.
7
Suppose -h = 5, -3*n = -h - 2*h. Let z = n - -14. Let i(k) = 12*k - 9. Let g be i(6). Calculate the highest common factor of g and z.
9
Suppose 0 = 15*f - 18*f - 3*a + 21, 0 = -5*f - a + 19. What is the highest common factor of f and 75?
3
Let n = -4 - -14. What is the highest common factor of n and 4?
2
Let m(k) = k**3 - 3*k**2 - 1. Let x be m(3). Let d be 1 + (x - (-3 + 1)). Calculate the greatest common factor of 8 and d.
2
Let j = -8 - -7. Let l(w) = -26*w + 1. Let s be l(j). What is the greatest common divisor of s and 9?
9
Let o(c) = c**3 - 7*c**2 - 6*c + 1. Let j be o(8). Let h = j + -7. Calculate the greatest common factor of h and 5.
5
Let i be 2 - (3 + -10) - -1. Calculate the highest common factor of i and 50.
10
Let r be 4*(1 - 3 - -3). Suppose -2*k + 6 = 0, -k = r*c - 217 + 38. What is the highest common factor of 22 and c?
22
Let o(h) = -h**3 + 7*h**2 + 8*h + 6. Let j be o(-5). What is the greatest common divisor of j and 14?
14
Suppose -16*a - 18 = -25*a. Calculate the highest common divisor of a and 10.
2
Let u = -22 - -30. What is the highest common divisor of u and 64?
8
Let w(p) = p**3 + 7*p**2 + 6*p + 6. Let c be w(-6). What is the greatest common divisor of c and 42?
6
Suppose 4*q - 59 = 109. Calculate the highest common factor of 105 and q.
21
Let d = 15 - 12. What is the highest common divisor of d and 15?
3
Let s be (((-324)/(-10))/3)/((-8)/(-20)). Calculate the highest common factor of s and 189.
27
Let y = -5 + 29. Let v(p) = -p**3 - 16*p**2 + 21*p - 6. Let x be v(-18). What is the greatest common divisor of y and x?
24
Suppose f - 2*s = 54, 0 = f + 4*s - 0*s - 36. Let w be 1 - (-16 - -1)/1. What is the hig